
-8 + (3 - 0) - -10
5
Calculate -7 - ((5 - 1) + 2 + -1 + -1).
-11
Evaluate 1 + -2 - -2 - (-10 - (0 - 24)).
-13
5 + -3 - -3 - (23 - 11 - 0)
-7
What is -3 + (-6 - (12 - (31 + -7)))?
3
Calculate -4 + -23 + -32 + 26.
-33
Calculate (10 - (1 + 13 + -2)) + (-26 - -6).
-22
Evaluate -16 + (-3 - 0) - (-75 + 18).
38
Evaluate (1159 - 1159) + (-2 - -1 - -15).
14
Evaluate 1 + 0 + -5 + 7 - (17 + -2).
-12
What is the value of 54 + -42 - (-3 + (-3 - 13))?
31
Calculate -68 + 58 + -5 + 2 + 1.
-12
Evaluate (19 + -33 - 0) + 22.
8
55 + -15 - (-4 - -26)
18
-5 - (2 + -1 + -5 + -5)
4
-5 + 10 + (7 - 11) + -2 - 5
-6
Calculate -6 - (3 + -19 - (8 - 19)).
-1
Calculate -39 + (-141 - -180) - (-1 + 1 + 5).
-5
What is (36 - (71 - 5)) + 46?
16
What is 8 - (6 + -8 + 0 + 2)?
8
Calculate (-1 - (1 - (-9 + 10))) + 15.
14
(2 - 0 - -1) + (40 - 53)
-10
Calculate -29 - (-2 - -9) - -36.
0
Evaluate (5 - 10) + 12 + 52 + -76.
-17
What is 7 + -8 + 8 + 1 + 5?
13
What is the value of 30 - (-50 - (-27 - 17))?
36
What is -14 - (3 - 0) - (0 - 5)?
-12
Evaluate 7 + (31 + -12 - -3) + -14.
15
What is the value of (-9 - (-7 - -8 - 3)) + 18?
11
Evaluate (3 + 3 - 1) + 0 + (1 - -4).
10
Evaluate -9 - (-14 + (13 - -4)).
-12
10 - 17 - (-1 - 5 - (-28 - -24))
-5
What is the value of -46 + 0 - (-247 + 225)?
-24
What is (3 - (1 + -2)) + (-27 + 24 - 16)?
-15
What is -12 - (-10 + 7 - 34) - 6?
19
Evaluate 418 + -408 - (26 + 1).
-17
Evaluate 20 + -6 - (253 - 239).
0
26 - (-7 + -16 + 43)
6
Evaluate -3 + 7 + -3 + -11 - (58 - 65).
-3
What is -4 + -14 + 16 + -8 + -1?
-11
What is the value of -15 - 39 - (7 - 36)?
-25
What is (8 - (-1 - -6 - 1)) + 3?
7
Evaluate 11 + (26 - (67 - 45)).
15
Evaluate -9 + (-7 - (1 + -19)) + -5 + 6.
3
Calculate -55 + 51 - (-34 - -5).
25
Evaluate 17 - (2 - 2 - (-23 - -26)).
20
What is (0 - 6) + 18 + -8 + 1 + -1?
4
What is -3 - (5 - (4 - 0)) - (0 + -3)?
-1
Calculate 243 + -237 + -8 + 0 + 1.
-1
What is the value of (-94 - -97 - (-3 + 0)) + 7?
13
(-15 - 6 - -31) + 3
13
Calculate 3 - (6 - (7 - 3)).
1
What is the value of -2 - 14 - (-12 - (59 + -31))?
24
Evaluate 4 + -3 + -7 + -1 + 2 - -14.
9
What is (-15 - -32) + 8 + (4 - 4 - 0)?
25
Evaluate (-38 - -30) + (1 - 2) - -6.
-3
Calculate 6 - (-36 + 26 + 4 - (2 + -1)).
13
What is the value of 9 + (-1 - (15 + -9))?
2
(3 - (-1 + -12)) + 33 + -35 + -5
9
Calculate 1 + 7 - (3 - ((-47 - -20) + 19)).
-3
Calculate 37 + -21 + 5 + -6 + 15.
30
Calculate 3 - ((-12 - 0) + -9 + 10).
14
0 + 7 - -6 - (2 + 21)
-10
Evaluate 18 + (9 - (6 - -8)).
13
What is the value of (-40 - -19) + 38 + 1?
18
112 + -151 + (-4 - -29)
-14
What is the value of (515 - 548) + 2 + -8?
-39
What is the value of -5 + 8 - (3 + 1) - 7?
-8
Evaluate -13 - ((-5 - 1) + (1 - 3)).
-5
What is (-15 - -8 - -18) + 0?
11
What is (-4 - 3) + -3 + (1 - 4)?
-13
What is the value of -7 + 14 + 22 + -24?
5
Evaluate -3 + 12 + 8 + (-15 - 3).
-1
What is the value of -17 + -4 + 17 + -10?
-14
Calculate 22 + 9 + -19 + 4 - 15.
1
-1 + 24 + (3 - 4) + -4 + 5
23
-1 + 4 - ((33 - 11) + (-15 - -2))
-6
Calculate (-13 - 3) + 12 + 5.
1
Evaluate (2 - 3) + 3 + (-10 - -6).
-2
What is (1 - (12 + -40)) + 5 + 0 + -6?
28
What is -4 + 0 - (-10 - -15) - (242 + -228)?
-23
-47 + (41 + -6 - (50 - 30))
-32
What is the value of 0 + 0 + 6 + (-27 - (-4 - -8))?
-25
Calculate 4 + 2 + (-8 - -4) + -7.
-5
(16 - 31) + 17 - (7 + -6)
1
What is the value of -21 + 1 - -6 - (-9 + 3 + 0)?
-8
What is the value of 41 + (-1 - 4) + -29?
7
What is the value of -9 + 16 + -10 - (0 - 7) - 6?
-2
What is the value of 6 - ((-44 - -31) + 36)?
-17
What is the value of (-4 - -47) + -1 + 43 + -58?
27
Evaluate 1 - ((2 - -2) + 0 + -9 + 2).
4
Calculate 6 - ((-1 + 15 - 8) + -19 + -1).
20
What is (16 + -10 - -9) + 0 + -7 + 1?
9
Calculate 480 + -495 - (0 - (7 - 2)).
-10
Calculate -18 - ((10 - 16) + 0).
-12
Calculate (-9 - -5) + 16 + -6 + -6 + 7.
7
What is the value of -1 - 2 - (-80 - -79) - (2 - 17)?
13
Calculate -5 - (-15 + (-7 - (-15 + 9))).
11
Evaluate 1 - -13 - (-69 - (-34 + -50)).
-1
Calculate (-7 - (-9 + 1 + 8)) + 16.
9
(23 + -28 - -4) + 2
1
28 - 40 - (-1 + -9)
-2
10 + 3 + -1 + 2
14
What is -24 + (10 - (-15 + 32))?
-31
Evaluate -2 - (-2 + 0 - (61 + -56) - 1).
6
(6 - 26) + -2 + 3
-19
What is the value of 13 - (-32 - (-64 - -13))?
-6
What is the value of -1 - -9 - (-25 - -22) - (-2 - -6)?
7
What is 26 - 1 - (-166 + 147) - (11 - 0)?
33
Calculate 3 + 7 + -1 + -12 + 6.
3
What is the value of 7 - (-2 - 4) - (27 + -41)?
27
34 + -42 - (3 + -1)
-10
Calculate 2 + 9 + (-11 + 4 - -10).
14
416 - 404 - (-1 + -1)
14
What is 3 - -2 - (2 + (3 - 6))?
6
What is the value of 0 + 2 - (1125 - 1092)?
-31
Evaluate -20 - (14 + -33 + -21).
20
What is the value of -3 + -4 + 24 + -7 + -21?
-11
Evaluate -2 - (-3 - 1 - (84 + -89)).
-3
Evaluate -4 + (17 - -9) + -10.
12
Evaluate (4 - 2 - (-22 + 15 + 18)) + -4.
-13
Evaluate 0 - 0 - 4 - (17 + -18 + -6).
3
Evaluate -13 - (-12 - 14 - -12).
1
What is -12 + 22 + ((-4 - -1) + 5 - -8)?
20
Calculate -16 - ((-2 + 3 - -1) + (0 - 1)).
-17
What is the value of 0 + (-18 - -10 - 2) - 4?
-14
Calculate -4 - -9 - (8 - (14 + -26)).
-15
What is -12 + -7 + -2 + 20?
-1
-13 + (-3 - -15 - 25) + 3
-23
What is (-41 - -12 - -24) + -1 + 1 + -15?
-20
What is (-1 - -13) + 3 - (2 + -2)?
15
30 - (6 + (2 - -10))
12
1 + (1 - -1) + 3 + -14
-8
Calculate (9 - (-10 + 27)) + (-3 - 16).
-27
Evaluate -4 - 1 - (1 - -7 - 19).
6
Calculate 98 + -91 - (-3 + -1 - -23).
-12
What is the value of 2 - (16 - (-8 + (25 - 8)))?
-5
Calculate 2 + (-12 - -13) + 1 + -15 + -2.
-13
(-9 - (0 - 2)) + 5
-2
What is the value of (-13 - 2) + -63 + 57?
-21
9 + -6 + -9 + (42 - 12)
24
What is the value of (33 - -26) + 10 - 41?
28
-17 + (3 - (-3 - -5)) + 50
34
Calculate (19 - 11) + -5 - (-5 + 12).
-4
What is 6 + 0 - ((-3 - 3) + (9 - -13))?
-10
What is (26 - (40 + -51)) + -1?
36
What is 7 - (-1 + -4 + 12 + -14)?
14
-9 + (-4 - -23 - 17)
-7
What is 0 + -20 + 6 + 0 + 11 + -7?
-10
What is the value of (-1111 - -1141) + (-32 - -1)?
-1
-24 + 81 - 29 - 4
24
Calculate (-14 - -16) + 5 + 0 + 22 + -12.
17
What is the value of 0 + 13 + -9 + 5 + -3?
6
Calculate -1 + -7 + 16 + -23 + 4 + 2.
-9
What is 6 + (42 - 23 - (1 - -6))?
18
-1 + -1 + 2 + -5 - (-2042 - -2055)
-18
What is (-6 - 3) + (9 - (-3 + 0 - -23))?
-20
Calculate (105 - 110) + (4 - 0) + -6.
-7
What is (-3 - 4) + (-49 + 47 - (-6 - 2))?
-1
Evaluate -1 + 13 - (12 - (-19 + 39)).
20
3 - ((-12 - -4) + 11 + 0)
0
What is -31 + -128 + 135 + (1 - -1) - -12?
-10
What is 12 + (1 - (6 - 1)) + -6 + 2?
4
7 - 2 - (83 + -67 - (-8 + -1))
-20
(2 - (24 - 1)) + (-6 - -3)
-24
What is the value of 14 + (-27 - (4 - (11 + 3)))?
-3
Evaluate -443 - -422 - (-28 + -1).
8
What is the value of 3 - (1 - -1) - (-21 + 23 - 6)?
5
What is -8 + -21 + 7 + (-5 - -5) - -5?
-17
Calculate 19 + -2 + (-146 - -117).
-12
Evaluate -434 - -419 - ((-3 - 27) + -1).
16
What is 22 - -1 - (-6 + 0 - (11 - 21))?
19
Evaluate 13 - 10 - (24 + 1) - (-40 - -34).
-16
Evaluate (-9 - 1) + (15 - (21 + -22) - 1).
5
Calculate -5 - ((-26 - 0) + 15 + 9).
-3
Calculate -194 + 172 - (-1 + 0 + (0 - 6)).
-15
Calculate 0 + -2 + (-17 - -11 - (-1 + 2)).
-9
What is the value of (-2 - (-8 + -2)) + -9?
-1
What is the value of -4 + (23 + 0 - 2) + -3?
14
What is -37 + -11 + 33 + 36?
21
What is -8 - (6 - (-7 - (-18 - 4)))?
1
Calculate -5 + 11 - (11 - -25 - 12).
-18
Calculate (12 - 2) + -30 + 28.
8
What is -1 - (7 - (11 - -18)) - (6 - 1)?
16
Calculate 11 + 2 + -6 + 28 + -32.
3
What is -9 - (-8 + (-1 - -2) - (16 - 23))?
-9
Calculate -1 + -1 - (5 - 0) - (-99 - -101).
-9
What is the value of 1 + 2 + (-7 - (-27 - (9 - 16)))?
16
What is the value of -6 + 10 + (-2 - (16 + -7)) + -8?
-15
What is the value of (11 - 4) + 10 + (-4 - 4)?
9
Calculate -11 + 23 + (-4 - 14).
-6
What is the value of -2 + -6 - (-5 + -5 + 7)?
-5
What is the value of -35 - ((26 - 38) + -7)?
-16
What is the value of 5 + -21 + 1 - (18 + -27)?
-6
What is (38 - 14) + -18 + 0 + 9?
15
Calculate 3 + (0 - (-8 + 8 - 6)).
9
2 - (-1 - -4) - (19 + -50)
30
What is 22 - (5 + (19 - 2))?
0
What is the value of -13 - (13 + -13) - -24?
11
(-10 - (3 + -3)) + (-31 - (2 + -29))
-14
What is 6 + 40 + -31 + -27?
-12
Calculate (7 - 12) + 33 + -29.
-1
Calculate (-5 - -4 - -3 - -5) + -5.
2
What is -3 - (1 - 9) - 4 - -9?
10
Evaluate 8 + 3 + 6 + -28.
-11
-68 + 72 + -2 + 10 + -20
-8
What is (5 + (7 - 12) - -1) + 4 + 21?
26
W